t c(l) = 2 - l + 0 - l**2 - 1. Let j(a) = 4*a**2 + 8*a - 6. Let f(k) = -k + 1. Let w be f(7). Let p(x) = w*c(x) - j(x). What is p(2)?
4
Let j(c) be the first derivative of 5*c**4/24 + c**3/6 - 5*c**2/2 - 3. Let l(m) be the second derivative of j(m). Determine l(-1).
-4
Let l(h) = -h - 1. Let u(d) = -3 + 6*d + 18 + 6*d. Suppose -2*p = 3*p + 75. Let w(k) = p*l(k) - u(k). Determine w(1).
3
Let d(u) = 6*u**2 - u. Suppose -9*b = -21*b + 12. Determine d(b).
5
Let s(v) be the first derivative of v**4/12 - v**2/2 - 1. Let b(n) be the second derivative of s(n). Let i(m) = m - 4. Let h be i(5). Calculate b(h).
2
Let q(t) = -t**3 + 6*t**2 - 4*t - 3. Let s(p) = 3*p**3 - 18*p**2 + 11*p + 8. Let u(v) = -11*q(v) - 4*s(v). What is u(6)?
1
Let l(t) = -t**3 - t**2 + t - 1. Let k(d) = -6*d**3 + 5*d**2 - 5*d + 5. Let n(g) = k(g) - 5*l(g). Determine n(9).
1
Suppose 7 = -x + 3. Let t(o) = -o**2 - o. Let k(l) = l - 5. Suppose 4*z - 5*f - 16 = 0, -z + 4*f = -6*z - 21. Let q(g) = z*k(g) + t(g). Calculate q(x).
-3
Let q = -19 + 17. Let z(t) = -t**2 - 2*t - 2. What is z(q)?
-2
Let g(j) = j + 1. Suppose 10 + 12 = -2*v. Let k = v - -16. What is g(k)?
6
Let q(o) = -o**2 + 7*o - 8. Let b(t) = -2*t - 5. Let a be b(-4). Suppose -10 = -a*v + 8. Give q(v).
-2
Let a be 3 - ((-15)/3 + 2). Let w(s) = s - 1. Calculate w(a).
5
Suppose 8*l + 15 = 13*l. Let p(i) be the second derivative of -2/3*i**l + 0 - 2*i + 2*i**2. Calculate p(3).
-8
Let h be (1 - 0) + (-6)/(-3). Let m be (-6)/(h + -5) - -1. Let c(b) = -1 + 2 - 5*b - m + 6*b. Determine c(-3).
-6
Suppose 1 = 3*u - 5. Let o = 10 + -3. Suppose o*s = u*s. Let y(h) = -h - 2. Give y(s).
-2
Let a(r) = -2*r + 6*r**2 + r + 2*r. Suppose 2*d + 10 = -0*p - 4*p, -4*d + 2*p = -10. What is a(d)?
7
Let w(h) = 2*h**2 + 2*h + 1. Let d(g) = g**3 - 11*g**2. Let r be d(11). Suppose -6 = -2*z - 2*u - r*u, 33 = -4*z + 5*u. Determine w(z).
5
Let x(y) = 4*y. Let k be x(-1). Let o be 266/18 + k/(-18). Let d be ((-6)/(-5))/(o/(-50)). Let l(i) = -i**3 - 3*i**2 + 7*i + 5. What is l(d)?
-7
Let h(d) = -d**3 - 2*d - 3. Suppose -4*z - 46 - 26 = 0. Let a = z - -16. Give h(a).
9
Let g(c) = c**2 - 13*c + 8. Let n be (-1)/4 - 441/(-36). Determine g(n).
-4
Let h(u) = u. Let a be (18/36)/((-1)/(-2)). Give h(a).
1
Let a(r) = r**2 + 9*r + 10. Let g(w) = -w**2 + 7*w - 8. Let k be g(7). Let z be a(k). Let h(q) = 0 - 2 + 4*q**z - q**3 + q**2 - 3*q. Calculate h(4).
2
Let c(q) = 4*q**3 + 2*q**2 + 2*q + 1. Let r(o) = -o**3 + 5*o**2 - 4*o - 1. Let g be r(4). Give c(g).
-3
Let o(k) = 6*k + 10. Let r(c) = -5*c - 9. Let p(l) = 3*o(l) + 2*r(l). Let d(h) = h + 1. Let j(w) = 10*d(w) - p(w). Calculate j(-3).
-8
Let w(t) be the third derivative of 0 + 0*t - 3*t**2 + 7/6*t**3 - 1/24*t**4. Determine w(0).
7
Let a(o) = o - 1. Let c(y) = -9 - 3*y + 0*y + 0*y + 4*y. Let l be c(6). What is a(l)?
-4
Let y(t) be the third derivative of t**4/24 - t**3/6 + 7*t**2. Determine y(7).
6
Suppose -47*i + 24 = -53*i. Let m(w) = -w**2 - 6*w - 5. Give m(i).
3
Let d(l) = 2*l. Let z be (16/5)/(1/5). Let y = z - 11. Determine d(y).
10
Let h = -11 - -17. Let i(s) = s + 2. Give i(h).
8
Let l be -5*(66/(-15) + 2). Suppose -y = -5*q + l, q - 15 = -3*y - q. Let d(s) be the third derivative of s**4/12 + s**3/3 + 2*s**2. Calculate d(y).
8
Let d(h) = -h**3 + 2*h**2 - h. Let p(k) be the first derivative of -k**2/2 - 2*k - 3. Let v be (2/(-1))/1*2. Let y be p(v). Give d(y).
-2
Let c be (-1)/2 - 525/30. Let v = c - -18. Let x(r) = r**2 - r + 4. Determine x(v).
4
Suppose -2 = 3*o - 17. Suppose -4 = 4*b + 12, -5*l + 5*b + o = 0. Let n(t) be the first derivative of t**3/3 + t**2 - 1. Give n(l).
3
Let r(u) = u**3 - 4*u**2 - 4*u. Suppose 3*s + 4*k = 3*k + 20, k = -2*s + 15. What is r(s)?
5
Let f(u) = u**2 - 3*u + 4. Let q be 0 - 9/(-4 + 1). Give f(q).
4
Let j(c) = c**3 + 9*c**2 + 8*c + 4. Let h be (-30)/25*(-80)/(-12). What is j(h)?
4
Let x(g) = -g + 2. Let v(i) = 5*i - 13. Let l(z) = 6*v(z) + 39*x(z). What is l(-1)?
9
Let n(h) be the third derivative of h**6/360 - 7*h**5/120 + h**4/4 - h**3/2 - h**2. Let c(k) be the first derivative of n(k). What is c(5)?
-4
Let p(b) be the second derivative of 1/2*b**3 - 3*b - 3/2*b**2 + 1/6*b**4 + 0. Suppose 5 = -3*d - 4. What is p(d)?
6
Let i = 5 + 8. Let m be i/5 + 2/5. Let u(y) be the third derivative of y**4/24 + y**3/3 - y**2. Give u(m).
5
Suppose -2*y - y = -6. Let t(m) = -m**2 - 1. Let f(s) be the first derivative of -4*s**3/3 + s**2/2 - 3*s + 3. Let v(q) = f(q) - 2*t(q). Determine v(y).
-7
Let u(q) = 6*q + 2*q**2 + 6 + 1 - 3*q**2. Let n = -30 - -36. What is u(n)?
7
Let a(x) = 9*x - 11. Let o(m) = 8*m - 10. Let l(r) = 5*a(r) - 6*o(r). Suppose 5*v = 5*h + 10, -2*v + 8 = -v + 2*h. Give l(v).
-7
Let b(s) = s + 8. Let m(t) = -1. Let f(o) = -b(o) - 5*m(o). Calculate f(4).
-7
Let l(g) = -4*g**3 + 18*g**2 + 5*g - 10. Let z = -8 - -1. Let c(s) = -3*s**3 + 12*s**2 + 3*s - 7. Let w(q) = z*c(q) + 5*l(q). Give w(-5).
4
Let w be 19/3 - (-1)/(-3). Let m(c) = 0*c + 5*c - w*c. Calculate m(1).
-1
Let c(z) = -z**2 + 7*z + 3. Suppose 5*g + 21 = 5*p - 4*p, 5*g = -p + 11. Suppose -3*w = -w - p. Determine c(w).
-5
Let y be 2 - 1/(1/8). Let s = y + 8. Let l(u) = u - 3*u**2 - 2*u**s - u**3 + u. Determine l(-5).
-10
Let p(j) = -6*j + 1. Let y(b) be the third derivative of -b**6/120 + b**5/12 + 7*b**4/24 - 5*b**3/6 + b**2. Let f be y(6). Let n = f + -2. Determine p(n).
7
Let g(d) = -d**3 - 4*d**2 + 5*d - 3. Suppose b + 6 = 1. Let o = b + 0. Determine g(o).
-3
Let y(m) = -m**3 + m**2 + 2*m + 1. Suppose 0 = 2*i - 2. Suppose j - i + 2 = 0. What is y(j)?
1
Suppose -5 - 20 = -5*m. Suppose -m*i - 26 = -6. Let w(d) = 2*d**2 + 6*d + 3. Give w(i).
11
Let i(h) be the first derivative of -2 + 3/2*h**2 - 2/3*h**3 - 2*h. Let c = 2 - 0. Give i(c).
-4
Let a(l) = 5*l - 20. Let w(t) = -2*t + 10. Let h(n) = 3*a(n) + 7*w(n). Calculate h(-7).
3
Let n(r) = -8*r - 7. Let o(c) = 7*c + 7. Let x(w) = -5*n(w) - 6*o(w). Determine x(-6).
5
Let m(i) = -i**3 + 13*i**2 - 12*i. Let b be 1/(-6)*0 - -12. Determine m(b).
0
Let c(g) = 8*g**2 - 1. Suppose l = -0 - 1. Give c(l).
7
Let s(d) be the first derivative of -14/3*d**3 + d + 0*d**2 + 7. Give s(-1).
-13
Let c(r) = -5*r**3 - r**2 + 2*r + 2. Let j(k) = k**3 + k**2 - 1. Let g(f) = c(f) + 6*j(f). Calculate g(-3).
8
Let f(u) = -4*u + 35. Let i be f(9). Let y(t) = 9*t + 1. Determine y(i).
-8
Let b(g) = -g**3 - g**2 - 5*g + 3. Let k(j) = -2*j**3 - 3*j**2 - 11*j + 7. Let s(w) = -7*b(w) + 3*k(w). What is s(2)?
4
Let k(i) = i**2 - 6*i + 4. Let a be k(6). Let y(t) = 4*t**2 - 2*t + a*t**2 - 1 + t - 3*t**2. What is y(-1)?
5
Let h(p) = p**2 - 6*p + 2. Let s be h(6). Let t(r) = -r + 9. Let k(g) = g - 8. Let f(d) = -7*k(d) - 6*t(d). Calculate f(s).
0
Let y(f) be the second derivative of f**3/6 + 5*f**2/2 + 2*f. Give y(-6).
-1
Let m(w) = -5*w - 1. Suppose 0 = -2*n + 5*y - 10, -3*y + 18 = n + 1. Let a(g) = g**2 - 6*g + 3. Let s be a(n). Determine m(s).
9
Let l(f) = -4*f + 1. Let m be l(-1). Let q(t) = -t**2 + t + 1. Let k(g) = -2*g**2 + 5*g - 3. Let o(h) = k(h) - q(h). Calculate o(m).
-9
Let m be 3/9 + ((-2)/6)/1. Let t(u) be the second derivative of -1/6*u**3 + 0 + m*u**2 + u. Give t(-5).
5
Let t(q) be the second derivative of -q**4/12 + 3*q**2/2 + 57*q. Determine t(3).
-6
Let s(p) be the second derivative of -7*p**4/4 - p**3/3 + p**2/2 + 21*p. Calculate s(1).
-22
Let t(j) be the first derivative of j**3/3 + 2*j**2 + 3*j + 3. What is t(-3)?
0
Let q(w) = -w**2 + 4*w + 1. Let l(r) = 3*r - 3. Let a be l(2). Determine q(a).
4
Let c(q) = q**3 - 2*q**2 + 8 - 1 - q**2 - 7*q - q**2. Give c(5).
-3
Let c(f) = -5*f**2 + 2*f - 1. Suppose 4*d + k - 4 = 0, d = 2*k - 5*k + 1. Determine c(d).
-4
Let b(n) be the third derivative of n**6/120 - n**5/20 + n**4/6 - n**3/2 + 4*n**2. Calculate b(2).
1
Let w(d) = -d - 5. Let y be w(-4). Let s = -1 - y. Let a(p) be the first derivative of -p**4/4 - p**3/3 + p**2/2 - p - 15. Determine a(s).
-1
Let z(j) = 2*j. Let s be ((-8)/5)/(4/(-10)). Suppose -6*y = -2*y - s. What is z(y)?
2
Let s(w) = 2*w**2 + 3 + w**2 + 9*w**2 + 7*w - 11*w**2. Give s(-6).
-3
Let v be 3*(16/(-4) - -2). Let o(q) = q - 1. What is o(v)?
-7
Let f(r) = r - 2. Let g(o) = -o + 24. Let m be g(15). Suppose -m + 3 = -3*n. Determine f(n).
0
Suppose w = -2*g - 0*w + 10, 17 = 3*g + 2*w. Let s be 5 - (-3)/(9/(-6)). L